hat is -3 + 12?
a
In base 3, what is 11 - 22110?
-22022
In base 7, what is -5036 + 6?
-5030
In base 4, what is 220020 + 13?
220033
In base 13, what is 43 + 5?
48
In base 13, what is 5 + -11a?
-115
In base 2, what is -100000110100 + 100?
-100000110000
In base 8, what is 12 - -64?
76
In base 5, what is -1322 - 12?
-1334
In base 11, what is -620 + 3?
-618
In base 5, what is 111 + 10?
121
In base 4, what is 11 - 111?
-100
In base 14, what is -2 - 836?
-838
In base 14, what is 180 + -2?
17c
In base 12, what is -11 - 37?
-48
In base 8, what is -100 + 27?
-51
In base 5, what is -23 - -20?
-3
In base 12, what is 0 + 68?
68
In base 5, what is -10 - 42000?
-42010
In base 10, what is 17 - -136?
153
In base 8, what is 4 + -62?
-56
In base 6, what is 1334133 - -3?
1334140
In base 16, what is 3 + -b?
-8
In base 6, what is 3 + 431?
434
In base 9, what is 644 - 5?
638
In base 9, what is 8 - 12?
-3
In base 14, what is 10 - 2c?
-1c
In base 11, what is 2 + 11?
13
In base 2, what is -101011101101010 - 0?
-101011101101010
In base 14, what is 9 - -d64?
d6d
In base 9, what is 48 + 0?
48
In base 2, what is 10011001100 - 1010?
10011000010
In base 13, what is -3 + -23?
-26
In base 13, what is -8 + 11?
6
In base 3, what is 10 - 20221111?
-20221101
In base 14, what is -16 + 0?
-16
In base 7, what is -5 + -136?
-144
In base 4, what is 2112 - 3?
2103
In base 12, what is 4 + 21?
25
In base 3, what is -120 - 200?
-1020
In base 14, what is -29c - -1?
-29b
In base 6, what is -12 + -2410?
-2422
In base 16, what is d + -a?
3
In base 10, what is 0 - -1330?
1330
In base 8, what is -115522 + 5?
-115515
In base 13, what is -2 + 34?
32
In base 13, what is -145 - 4?
-149
In base 11, what is 1218 + 4?
1221
In base 11, what is 1 + 362?
363
In base 6, what is -1551 + 1?
-1550
In base 7, what is 6 - 1123?
-1114
In base 9, what is 16 + 56?
73
In base 7, what is -301 + -1?
-302
In base 5, what is 0 + 31440?
31440
In base 8, what is -5 - -566?
561
In base 14, what is 2 + -30?
-2c
In base 7, what is -530 + 2?
-525
In base 5, what is 10 + -232430?
-232420
In base 12, what is -5 - 1183?
-1188
In base 12, what is 11 - -316?
327
In base 11, what is -290 - 5?
-295
In base 3, what is 102 - 1211?
-1102
In base 16, what is 0 + 2a?
2a
In base 8, what is 0 + 1722?
1722
In base 14, what is -2 - 1b6?
-1b8
In base 4, what is 10 - -2012?
2022
In base 13, what is -57 - 33?
-8a
In base 8, what is 3 - -23?
26
In base 16, what is -2 + -109?
-10b
In base 2, what is -10010101 - 1000110?
-11011011
In base 10, what is 6 - 8?
-2
In base 8, what is 7 - 4?
3
In base 14, what is -22d + -3?
-232
In base 15, what is -8 + 49?
41
In base 10, what is 172 + -1?
171
In base 5, what is -422 + 124?
-243
In base 8, what is 1334 - 7?
1325
In base 8, what is -3 + -707?
-712
In base 11, what is -7a + -11?
-90
In base 14, what is 3 + -b74?
-b71
In base 14, what is 5 - -b5a?
b61
In base 8, what is -243 + 15?
-226
In base 10, what is -50 - -98?
48
In base 16, what is -4 + -1e?
-22
In base 2, what is -110010 + 101?
-101101
In base 10, what is 8 + 226?
234
In base 13, what is -c453 - -2?
-c451
In base 13, what is -45c + -1?
-460
In base 6, what is 103312 - 4?
103304
In base 10, what is 38 + 27?
65
In base 14, what is 3b - -7?
44
In base 10, what is -13 + 450?
437
In base 3, what is 11 + -22110212?
-22110201
In base 10, what is 157 - -2?
159
In base 16, what is 689 - -2?
68b
In base 12, what is -4 + -2065?
-2069
In base 2, what is -100 - 1?
-101
In base 10, what is -4 + 77?
73
In base 6, what is -43 + 224?
141
In base 4, what is 12322 + -3?
12313
In base 3, what is -11 + 220221?
220210
In base 13, what is 4 + 1a0?
1a4
In base 3, what is -11 + -2212?
-10000
In base 14, what is 1 - 1?
0
In base 7, what is -1 + 6104?
6103
In base 8, what is -4 - 1643?
-1647
In base 15, what is 5c0c - -5?
5c12
In base 12, what is 20 - 15?
7
In base 6, what is 323 - 1?
322
In base 9, what is -1 + 144?
143
In base 3, what is -1 + 21?
20
In base 9, what is -16 + -34?
-51
In base 9, what is 8276 - -4?
8281
In base 5, what is 21 + -11220?
-11144
In base 11, what is -314 + -4?
-318
In base 10, what is 2 + 5624?
5626
In base 3, what is -1122 - 2002?
-10201
In base 7, what is -101 + -10?
-111
In base 9, what is -1240 - 5?
-1245
In base 14, what is 4 + -2a3?
-29d
In base 11, what is 13 - -14a?
162
In base 11, what is 3 + 904?
907
In base 7, what is -2142 + 36?
-2103
In base 2, what is 11000101010 + -11?
11000100111
In base 14, what is 6 + 10bc?
10c4
In base 14, what is 16 - 2a?
-14
In base 6, what is -5 + 15?
10
In base 7, what is -65 + -3?
-101
In base 6, what is -4 + -5?
-13
In base 15, what is 566 - 4?
562
In base 12, what is aa6 - 13?
a93
In base 10, what is 10 - 88?
-78
In base 5, what is -23 - 10?
-33
In base 7, what is -3151 + -12?
-3163
In base 9, what is 25577 + -3?
25574
In base 10, what is 2276 + 0?
2276
In base 14, what is -3 + 4d2?
4cd
In base 3, what is -11 + 100?
12
In base 11, what is -462 - 5?
-467
In base 9, what is 11273 - 1?
11272
In base 4, what is -2131 - 12?
-2203
In base 11, what is 24 - -349?
372
In base 3, what is -110000 + 10?
-102220
In base 9, what is -4 + -1056?
-1061
In base 11, what is 3 - -153?
156
In base 10, what is -2 + -51?
-53
In base 4, what is -10 - 1233112?
-1233122
In base 11, what is -199 - 33?
-221
In base 12, what is -37 + -47?
-82
In base 15, what is -3d + 3?
-3a
In base 6, what is 20 - -3424?
3444
In base 11, what is 8 - 39?
-31
In base 15, what is 1e + -1?
1d
In base 4, what is -3 + -13100?
-13103
In base 13, what is 3 + 5b4?
5b7
In base 7, what is 64 + -45?
16
In base 6, what is -133 - -101?
-32
In base 10, what is 153 + -45?
108
In base 8, what is 7 - -1227?
1236
In base 2, what is 101 - 111100?
-110111
In base 13, what is 24 - 0?
24
In base 6, what is -3 - -15251?
15244
In base 8, what is -3 - -2726?
2723
In base 12, what is 12 - -2?
14
In base 4, what is -11130103 - 2?
-11130111
In base 7, what is -1 + 10?
6
In base 10, what is 431 - 1?
430
In base 3, what is -10201 + -1000?
-11201
In base 13, what is -12 + -13?
-25
In base 2, what is -101011 + -10111?
-1000010
In base 8, what is 115 - 216?
-101
In base 13, what is -752 + -4?
-756
In base 15, what is -9 + -83?
-8c
In base 9, what is -1 - -31?
30
In base 14, what is 8a8 - 0?
8a8
In base 15, what is 1 - -be?
c0
In base 5, what is -4 + -211?
-220
In base 2, what is 110000001 - 100?
101111101
In base 7, what is 0 - -36?
36
In base 12, what is -3 - 3b2?
-3b5
In base 10, what is -28 + 53?
25
In base 13, what is 1 + b0?
b1
In base 3, what is 0 - 2121?
-2121
In base 16, what is 8 - -48?
50
In base 12, what is -3 + -1928?
-192b
In base 9, what is -101 + -2?
-103
In base 8, what is 23 + -112?
-67
In base 15, what is -8 + d6b?
d63
In base 9, what is -62 + -52?
-124
In base 9, what is 3 + -36?
-33
In base 6, what is -51135 + 12?
-51123
In base 16, what is 5 + -50?
-4b
In base 11, what is -435 - 5?
-43a
In base 11, what is -8 + -473?
-480
In base 3, what is -2202012 - 11?
-2202100
In base 9, what is -2817 - -15?
-2802
In base 2, what is 0 - -111001011110?
111001011110
In base 6, what is 10544 + 1?
10545
In base 16, what is 3 + -60?
-5d
In base 6, what is -1525 - 4?
-1533
In base 3, what is 20 - -100111120?
100111210
In base 16, what is -c0 + 2?
-be
In base 2, what is -111 + 10011?
1100
In base 6, what is -2235 - 3?
-2242
In base 4, what is 1 + 11020?
11021
In base 11, what is 4 - -343?
347
In base 7, what is -1522 + 2?
-1520
In base 7, what is -30 - 246?
-306
In base 12, what is -616 + -3?
-619
In base 16, what is 74 - 1?
73
In base 15, what is -3792 - 2?
-3794
In base 12, what is 33 + 18?
4b
In base 10, what is 84 - 41?
43
In base 16, what is -f - a?
-19
In base 10, what is -166 + 65?
-101
In base 10, what is -225 + -66?
-291
In base 3, what is 10 + -120110?
-120100
In base 5, what is 4 + 4202?
4211
In base 9, what is -6632 + 5?
-6626
In base 13, what is -2 + -2707?
-2709
In base 9, what is 3 - -3?
6
In base 5, what is 2141 - -10?
2201
In base 14, what is -1a17 + -4?
-1a1b
In base 2, what is 1010 + -11111111101?
-11111110011
In base 3, what is -120 - 0?
-120
In base 12, what is -9916 - 5?
-991b
In base 11, what is -64 - -97?
33
In base 2, what is 101 + -111100?
-110111
In base 5, what is -10 + -2140?
-2200
In base 13, what is -2 + 15a?
158
In base 6, what is -40 - 401?
-4